k - 15. Let j be y(-15). Suppose w - 3*w + i + 454 = 0, j = i + 4. List the prime factors of w.
3, 5
Suppose -3*v - 1437 + 7575 = 0. List the prime factors of v.
2, 3, 11, 31
What are the prime factors of (1*3 - 730584/216)/((-2)/3)?
37, 137
Let c(a) be the second derivative of 95*a**3/3 + 2*a**2 - 35*a. What are the prime factors of c(4)?
2, 191
Suppose b - 8*a + 7*a - 30 = 0, 4*b - 114 = 2*a. Suppose -b*m = -13*m - 12334. What are the prime factors of m?
881
Suppose -2*p + 3453 + 31155 = 0. List the prime factors of p.
2, 3, 7, 103
Let j(k) = -10*k + 45. Let a be j(-11). Suppose -3*g + a = 2*p - 1093, 5*p - 5*g - 3120 = 0. List the prime factors of p.
2, 3, 13
Let k = 13875 - 1314. List the prime factors of k.
3, 53, 79
Let q be ((-2)/2 - 5)*(-34)/4. Suppose -q*s = -47*s. Suppose 4*c - 8*c + 300 = s. List the prime factors of c.
3, 5
What are the prime factors of (126/24*(-13)/91)/((-1)/31972)?
3, 7993
Let m(c) = c**3 - 8*c**2 - 6*c - 17. Let h be m(8). Let l = h + 119. Let i = 66 - l. List the prime factors of i.
2, 3
What are the prime factors of 5 + (-585)/115 + 3 + 3243564/138?
11, 2137
Let k(j) = 4*j**2 + 145*j - 849. List the prime factors of k(26).
3, 5
Let i be (-76)/(-57)*8025/2. Suppose -420 = 5*w - i. What are the prime factors of w?
2, 17, 29
Let o(g) = -5*g**3 + 7*g**2 - 16*g - 14. Let h(f) = -9*f**3 + 15*f**2 - 32*f - 27. Let m(t) = -4*h(t) + 7*o(t). List the prime factors of m(10).
2, 5, 7
Let d(b) = -117*b + 1961. List the prime factors of d(-75).
2, 11, 61
Let q = -222 + 233. Suppose -q*y = -0*y - 10527. What are the prime factors of y?
3, 11, 29
Let z = 1609 + 4267. What are the prime factors of z?
2, 13, 113
Let c = -219 - -71. Let g = c - -86. Let m = 23 - g. What are the prime factors of m?
5, 17
Suppose -27*t = -18*t - 3798. Let r be (428/2 + 3)/(-1). Let k = r + t. List the prime factors of k.
5, 41
Let b(q) = -4*q**2 - 102*q - 46. Let c(j) = -3*j**2 - 68*j - 31. Let m(l) = -5*b(l) + 7*c(l). List the prime factors of m(34).
13
Let w be (-43 - -44) + 1/(-1) + 2. Suppose w*s - 232 = 788. List the prime factors of s.
2, 3, 5, 17
Let g = -9 + 14. Let b be (-18)/(-90) - ((-24)/g + 2). Suppose 2*z = 3*j + 176, 2*z = -b*z + 2*j + 451. What are the prime factors of z?
7, 13
List the prime factors of (-33)/22*92*58/4*-1.
3, 23, 29
Let d be -1 + 104 + 12 + -10. Suppose 4*u + i - 398 = 73, 4*i + d = u. Let h = u - 47. What are the prime factors of h?
2, 5, 7
What are the prime factors of 5 + (-420)/80 - (-82849)/4?
2, 3, 863
Suppose 313*z = 310*z. List the prime factors of (1 + z)*932 - 4.
2, 29
Let u be (-2 + -6)*621/(-12). Suppose 27*l - 33*l = 0. Suppose l = 9*r - 306 - u. What are the prime factors of r?
2, 5
Let o = 66985 - 47743. What are the prime factors of o?
2, 3, 1069
Suppose 31*c = 10*c + 101472. What are the prime factors of c?
2, 151
Let y be -2 + (-62)/(-6) - (-16)/24. Let l be ((-3)/y)/(2/(-1434)). Suppose -4*w + 525 = -l. What are the prime factors of w?
191
Let q be (-8 + (-7911)/6)*4/(-7). Suppose -q - 124 = -2*h. What are the prime factors of h?
3, 7
Suppose 0 = 2*i - 5*h - 7, -4*i + 3*h - 2*h + 5 = 0. Let p be (-9)/(3/i) - -3. Suppose -2*o + 176 = -2*s, 166 = -p*o + 2*o + 3*s. List the prime factors of o.
2, 43
Let o be 13/(-6) - -2 - 7535/(-30). Suppose 9 = 4*k - 5*j - 2, 3*k - 10 = 2*j. Suppose o = f + l, k*l = 4*f + l - 997. List the prime factors of f.
2, 5
Suppose -2*l - 58 + 530 = 0. Suppose j + j - l = 0. Let p = j + -38. List the prime factors of p.
2, 5
Suppose 22*d - 136420 = 78564. Suppose -4168 - d = -10*i. List the prime factors of i.
2, 17, 41
Let o be 373 - (3 - (-6 - -10)). Let x = o + -290. List the prime factors of x.
2, 3, 7
Suppose 273 = 4*i + t, -2*i - t + 342 = 3*i. Let s = 5954 + -5764. Let o = s - i. What are the prime factors of o?
11
Let z(i) = i**3 + 9*i**2 + i + 14. Let u be z(-6). Suppose 121*m - 1690 = u*m. List the prime factors of m.
2, 13
Suppose 47*f - 16603 = 4688. List the prime factors of f.
3, 151
Suppose 1192752 = 4243*c - 4199*c. List the prime factors of c.
2, 3, 251
Let x(s) = 8*s**2 + 8*s + 14. Let o = -67 - -76. Suppose -b + o = 13. List the prime factors of x(b).
2, 5, 11
Suppose -5*w = 3*l - 117304, 88*l - 91*l = -5*w - 117224. List the prime factors of l.
2, 7, 349
Let f(m) = 93*m - 3. Let i be f(6). Let w(g) = g - 7. Let d be w(11). Suppose -j = d*j - i. List the prime factors of j.
3, 37
Let v(i) = 3*i**3 - 20*i**2 - 13*i - 36. What are the prime factors of v(11)?
2, 17, 41
Suppose 11*s = 18*s - 98. Let o = s - -44. List the prime factors of o.
2, 29
Let v(x) = x**2 - 9*x + 23. Let s be v(6). Suppose -s*l - 5*l + 9030 = 0. List the prime factors of l.
3, 7, 43
Suppose -8 = -2*d - b, 2*b - 3*b + 2 = 0. Let r(f) = 4*f**2 - 5. Let p(l) = 4*l**2 - 7. Let x(w) = -2*p(w) + 3*r(w). What are the prime factors of x(d)?
5, 7
Let c(m) = 6*m**2 + 9. Let j = 75 - 82. List the prime factors of c(j).
3, 101
Let l be 3*(-4)/6*625. What are the prime factors of 3 + (8/2 + l)/(-2)?
2, 313
List the prime factors of (1*3*5)/(29/5307).
3, 5, 61
Let h be (-6)/(305/44 + -7). What are the prime factors of (-1)/(12/h)*-111?
2, 11, 37
Suppose -6*v - 3*f + 24 = -3*v, -7 = v + 4*f. Suppose -v*w - 5592 = -19*w. List the prime factors of w.
2, 233
Let q(w) = -3*w**2 - 36*w - 62. Let r be q(-9). Let y = 331 - 171. Suppose -r*t = -15*t - y. List the prime factors of t.
2, 5
Suppose -2*c + 4 = 3*k, k = -2*c - 3*c - 3. Suppose -2*i + 0*y + 740 = 3*y, k*i = 4*y + 712. List the prime factors of i.
2, 7, 13
Let w be ((-12)/15)/(-4 - (-588)/150). List the prime factors of 605/w*(-2)/(-1).
11
Let h(w) be the third derivative of 9*w**5/10 - w**4/24 - 14*w**2. Let o be h(1). Let f = o + 25. List the prime factors of f.
2, 3, 13
Suppose -60527 = -4*y + 3*y - 5*d, -3*y + 181491 = -3*d. What are the prime factors of y?
2, 13, 179
Let r = -4432 + 20696. List the prime factors of r.
2, 19, 107
Let a be 0/(8/2) - -2. What are the prime factors of (-2088)/(-6) + a + -6?
2, 43
Suppose -27*a + 31*a + v - 3166 = 0, 4*a - 3158 = 3*v. List the prime factors of a.
7, 113
Let t be 20*(2 - 4 - 1/2). Let y = 47 + t. List the prime factors of y/((-27)/(-723))*(3 - 6).
241
Let n = -52 - -53. Let r(z) = 212*z**3 + 4*z - 3. Let q be r(n). Suppose g = -5*p + q, 7*g + 4*p = 6*g + 209. List the prime factors of g.
193
What are the prime factors of (-4)/(-16) + (-31183)/(-4)?
2, 1949
Let g = -654 - -675. Suppose -3*w - 5*m + 299 = 0, -17*w - 410 = -g*w - m. List the prime factors of w.
103
Let n(z) = -16*z + 9 + 93*z - 57. List the prime factors of n(5).
337
Let l(w) = 21*w**2 + 3*w + 13532. What are the prime factors of l(0)?
2, 17, 199
Let z(u) = 11106*u**2 + 69*u + 69. List the prime factors of z(-1).
2, 3, 617
Let u be 3 + 175/(-5) + (-3)/(-1). What are the prime factors of (-5 + 7)/(-1 + u/(-27))?
3
Suppose -2*z = -5*k - 3*z + 9901, -3*z + 3 = 0. Suppose -2*j + 4*g + 261 = -541, k = 5*j - 5*g. List the prime factors of j.
17, 23
Let l be (-25)/(-10)*48/20. Let v be 4 + (-215 - (2 - l)). Let j = -76 - v. What are the prime factors of j?
131
Let h = -40693 - -53496. What are the prime factors of h?
7, 31, 59
Let h(c) = -2*c + 32. Let a be h(14). Suppose -a*k + 2734 = 3*n, -k = -0*k + 5. List the prime factors of 9/(-3) - (n/(-3) - -2).
7, 43
Suppose 15668292 = 321*u - 1023708. What are the prime factors of u?
2, 5, 13
Suppose 0 = -3*y - n + 38758, -4*y + 20*n = 24*n - 51680. List the prime factors of y.
12919
Let a = -234 + 395. Suppose -103 = -8*c + a. List the prime factors of c/4*(-8)/(-6).
11
Suppose 0 = -11*f + 16*f - 4*c - 147824, -2*c = -4*f + 118264. List the prime factors of f.
2, 3, 7, 11
Let m = 22 - 15. Let v be (-99)/(-3) - 130/26. List the prime factors of (54/m)/(6/v).
2, 3
Let r(q) = 17*q + 108. Let t be r(-6). List the prime factors of (-963)/t*90/(-27).
5, 107
Let k(r) be the first derivative of -3*r**2/2 - 3*r + 36. What are the prime factors of k(-12)?
3, 11
What are the prime factors of 48/8 + -4 + 2461?
3, 821
Let s(m) = 13*m + 270 - 138 - 120 + m**2. Let t be s(-12). Suppose t = -3*j + 5*i + 312, 3*j - 385 = 4*i - 70. What are the prime factors of j?
109
Suppose 2*w = 2*h + 20502, 3514 + 37498 = 4*w + 4*h. What are the prime factors of w?
2, 11, 233
Suppose 0 = -17*y + 12*y + 1050. Let k = 449 